 1 + 3 = 0. Let l(t) = -2*t + 0*t**3 + 7 + 5*t**2 + 0*t**q + 4*t**3 - 5*t**3. Calculate l(5).
-3
Let a be 2/(20/(-16) - -1). Let p = a - -12. Let v(m) = 2*m - 1. Calculate v(p).
7
Let k(q) be the first derivative of q**3/3 - 2*q**2 + 6*q + 11. What is k(4)?
6
Let p(d) = d. Suppose 2*n + 2*t = 0, -4*t = -2*n + t + 7. Determine p(n).
1
Let g(q) = 7 + 125*q - 124*q - 7. Determine g(6).
6
Let q be (-12)/54 - 40/(-18). Let r(c) = q*c + 2*c - c - 2*c. Determine r(2).
2
Let k(v) = -v**2 + 7*v - 5. Let c be 2/((-22)/(-5) - 4). Give k(c).
5
Let p(m) = m - 9. Let s(g) = g - 1. Let f(h) = -p(h) + 6*s(h). What is f(-2)?
-7
Let f(h) = h**3 - 3*h**2 + 1. Let j be f(4). Let k = 15 - j. Let i(u) = -u**3 - u**2 + u. Give i(k).
2
Let f(d) = d + 7 + 5 - 9. Let x(p) = -p**2 - 5*p + 3. Let k be x(-5). Determine f(k).
6
Suppose -t = -5*g - 0*t - 6, 5*t + 20 = 0. Let q be (5/g)/((-3)/6). Let v(f) = 2*f - 3. What is v(q)?
7
Let g be ((-6)/4)/((-18)/24). Let d(q) = -2*q + q**3 + 4*q**g - 1 - 4*q**2 + 3*q**3. Give d(-1).
-3
Let r(n) = -14*n + 1 - 5 + 10*n. Calculate r(-3).
8
Let o(y) be the third derivative of -y**4/8 - 2*y**3/3 - y**2 - y. Let s be 2/5 - 22/5. Give o(s).
8
Let t(r) = -2*r - 1. Let c(d) = 2*d. Let m(p) = 6*c(p) + 7*t(p). What is m(-7)?
7
Let x(c) be the third derivative of -c**6/120 + c**5/15 + c**4/4 - c**3/2 + 8*c**2. Let o(g) = g**2 + 5*g - 1. Let y be o(-6). Give x(y).
2
Let w(d) = d**2 + 1. Let k(q) = 15*q**2 - 2*q - 3. Let h(b) = -k(b) - 4*w(b). Determine h(1).
-18
Let o(u) be the first derivative of -7*u**4/4 + u**3/3 + 1. Suppose 0 = h - 1 - 0. Determine o(h).
-6
Let d(n) = n - 2. Let z(l) = -2*l + 5. Let b(h) = -9*d(h) - 4*z(h). Determine b(0).
-2
Let b(k) = -13 + 6*k**3 - k**3 + 14. Determine b(1).
6
Let q = 74 + -77. Let m(k) = k**2 + 3*k. Calculate m(q).
0
Let d(f) = 2*f**2 - f - 2. Suppose -c - 13 = 3*z + 4, 2*c - 16 = 4*z. Calculate d(c).
8
Suppose -50 = -v - 47. Let l(d) = 2*d**3 + 3*d**2 + 2*d - 17. Let i(x) = x**3 + 2*x**2 + x - 9. Let u(h) = 11*i(h) - 6*l(h). Calculate u(v).
9
Let h(m) = -3*m + 2*m + 1 + 2. What is h(7)?
-4
Let q(g) = -10*g**2 - 1. Suppose -5*l + 2*p + 8 = -l, -l + 4*p = 12. Let b be (2 + -8)/((-8)/l). Suppose 3*v - r + 0 + 2 = 0, 0 = -2*v + b*r - 13. What is q(v)?
-11
Let u(k) = -k**3 + 8*k**2 + 7*k + 11. Let y = 4 + 5. Determine u(y).
-7
Let m = 7 - 3. Suppose -m*l + 16 = -4*r, -l - 2*r = 5 + 6. Let s(u) = -u + 1. What is s(l)?
2
Let n(o) be the first derivative of -o**4/12 + o**3 + o**2/2 - 3*o + 2. Let z(q) be the first derivative of n(q). Let i = -4 + 7. Give z(i).
10
Let b(k) = -k**3 + 112 + 112 - 222 + 6*k**2. Calculate b(6).
2
Let u(s) = s**3 - s**2 + s. Suppose 0 = -2*i - 3*f + 2*f, -7 = i + 4*f. Determine u(i).
1
Let i(v) = -2*v. Let p be i(-2). Let g(j) = 2*j**2 - 6*j + 5. Let b(f) = -f**2 + 3*f - 2. Let x(k) = -5*b(k) - 2*g(k). Determine x(p).
4
Let m(p) = 17*p + 3. Let k(w) = 9*w + 2. Let a(d) = 11*k(d) - 6*m(d). Give a(3).
-5
Suppose -38 = 3*w + 5*l, 5*w + 0*l = 4*l - 14. Let j be (4/6)/((-1)/w). Suppose -j*s - 12 = 8. Let k(o) = -o**2 - 4*o - 3. Determine k(s).
-8
Suppose 5*i - 5*z - 5 = -0*z, 3*i + 3*z + 27 = 0. Let b be (i/(-6))/((-1)/3). Let o(u) = -u**3 - u**2 + u + 1. Calculate o(b).
3
Let i(m) = 7*m**3 - 5*m**2 + 5*m - 9. Let t = 0 - 1. Let d(b) = -b**3 + b**2 - b + 1. Let k be 3*(-4 - (-6 + 4)). Let y(h) = k*d(h) + t*i(h). Give y(0).
3
Let p(w) = 2*w**2 - 3*w - 15. Let n(s) = s**2 - 2*s - 8. Let q(c) = 7*n(c) - 4*p(c). Let y(a) = -1. Let g(r) = q(r) + 4*y(r). Suppose -5*u - 12 = -u. Give g(u).
-3
Let z = -2 - -13. Suppose 25 = 7*h - 2*h, 3*h - z = 4*f. Let w(p) = f + 0*p - p**2 - p + 0*p. Calculate w(-3).
-5
Let i(d) be the third derivative of -d**5/60 + d**4/4 - d**3/6 - 15*d**2 + 1. Determine i(5).
4
Suppose 2*b - 6*b + 4*c + 12 = 0, 2*b + 29 = -5*c. Let p(h) = 8*h + 1. Calculate p(b).
-15
Let p be (-1 + 27/15)/((-6)/15). Let d(j) = 5*j**2 + 2*j - 1. Determine d(p).
15
Suppose 5*v = 2*w - 10, -6*w + w + 8 = -4*v. Let t(x) = -x**3 - x - 2. Determine t(w).
-2
Let g(q) be the third derivative of q**3 + 10*q**2 + 0 - 1/24*q**4 + 0*q. Let n(o) = 5*o**2 + 2*o - 1. Let l be n(1). Determine g(l).
0
Let a(p) = p + 1. Let q(f) = f + 1. Let u(x) = -5*a(x) + 6*q(x). Give u(-3).
-2
Let w = -6 + 2. Let i(a) = -7*a**2 - 43*a - 5. Let f(o) = 4*o**2 + 24*o + 3. Let v(r) = -11*f(r) - 6*i(r). Give v(w).
-11
Let l(a) be the third derivative of -a**4/12 - 37*a**2. Determine l(4).
-8
Let l = -20 + 14. Let i(q) = q**2 + 5*q - 6. Calculate i(l).
0
Suppose 2 = m + 2*d, m + m + 2*d = 4. Let b(g) = g**m - 3*g**3 + 2 + 3*g + g**3 - 3*g**2 - g**3. Give b(-2).
12
Let u(c) be the third derivative of c**5/120 + 5*c**4/24 + 2*c**3/3 - 4*c**2. Let a(r) be the first derivative of u(r). Calculate a(-6).
-1
Let k(l) be the second derivative of 1/20*l**5 - 5*l + 0*l**3 + 1/2*l**2 + 0 - 1/2*l**4. Let w = 12 - 6. Calculate k(w).
1
Let i(b) = b - 7. Suppose -4 = 2*w + 4*x, 4*x - 7*x = 15. Calculate i(w).
1
Let f(q) = q**3 + 7*q**2 - 7*q. Suppose -2*o - 21 = -5. Let l be f(o). Let z be (-2 + 0)*(-4)/l. Let s(c) = -2*c**2 - 1. Calculate s(z).
-3
Suppose -4*m = 24 - 4. Let q(k) be the first derivative of -k**4/4 - 5*k**3/3 + k**2/2 - 2*k - 23. Give q(m).
-7
Let s(g) = -g**2 - 9*g - 1. Let f(q) = -q. Let j(v) = 6*f(v) - s(v). Suppose -56*i = -44*i + 24. Calculate j(i).
-1
Let y(a) = -3*a**3 - 7*a**2 + 4*a + 7. Let q(v) = 13*v**3 + 28*v**2 - 17*v - 27. Let b(t) = -2*q(t) - 9*y(t). Determine b(-7).
5
Suppose 0 = -3*n - 1 + 7. Let t be (2/6)/(n/12). Suppose -2*c = 3*c - t*u - 24, c = -2*u. Let q(j) = j**3 - 5*j**2 + 3*j + 5. Give q(c).
1
Let z be (-3)/(-1) - 0/(-5). Let s(l) = l - 6. Give s(z).
-3
Let l be -3*4/18*3. Let u be -1 + 3 - l/(-2). Suppose 0 = -2*c + u + 1. Let p(q) = -6*q**3 + 2*q**2 - q. Determine p(c).
-5
Let p(g) = -g**2 + 2*g - 4. Suppose 9*i + 51 = -4*y + 4*i, -5*y - 30 = -5*i. Let n = y - -10. Let d be n/1 - -5 - 3. Calculate p(d).
-7
Let z(r) be the first derivative of r**4/2 - 2*r**3/3 - r**2 + 3*r - 1. Determine z(2).
7
Let n(v) = -3*v - 5. Let z(q) = q**3 + 5*q**2 + 5*q. Let i be z(-4). Determine n(i).
7
Let r(s) = s**3 - 2*s**2 + 2*s. Let k be r(2). Let f(t) = -4 - k + 2 - 7*t + 0 - t**2. What is f(-5)?
4
Let j be (-3 - 0)*2/6. Let v be (-2*(-6)/(-4))/j. Let m(y) = -3*y**3 - 4*y**3 + y**v + 1 - 2*y + 3*y - y**2. What is m(-1)?
5
Let x(t) = 7*t**3 - 3*t**2 - 3*t + 3. Let i(z) = -11*z**3 + 4*z**2 + 5*z - 4. Let q(j) = 5*i(j) + 8*x(j). Determine q(3).
-2
Let b be (-58)/(-8) + 2/(-8). Suppose 2*n + 10 = b*n. Suppose 4*a = 3*k, 22 = -n*a - 4*k - 0*k. Let g(p) = p**2 + 4*p + 3. Calculate g(a).
0
Let w = -55 + 61. Let v(c) = -c**2 + 9*c - 2. Give v(w).
16
Let c = 10 - 6. Suppose 4*k + 5*r - 29 = 0, 2*k - 3*k - c*r + 21 = 0. Let l(d) = -3*d - 2 + 2 + k. Determine l(3).
-8
Let z(c) = c - 1 + 0*c**2 - 8*c**2 - c**2. Let a(u) = u + 9. Let p be a(-8). Determine z(p).
-9
Let y = -20 + 21. Let j(r) = 6*r - 1. Determine j(y).
5
Let i(d) be the third derivative of d**5/60 + d**3/3 - d**2. Let z be i(2). Let r = z - 3. Let m(t) = -t + 6. Calculate m(r).
3
Let b(k) = -1 - 6*k - 1 - 2 - 2. Let o be (1 + -2)/((-1)/11). Let i(p) = -p - 1. Let z(t) = o*i(t) - 2*b(t). What is z(-5)?
-4
Let u = -10 - -16. Let y(h) = h**2 - 4*h - 8. Calculate y(u).
4
Let a(l) = l**3 - 5*l**2 + 3*l + 2. Let b be a(4). Let t(p) = 2 - 2*p**3 + 25*p**3 - 24*p**3 - 6*p**2 - 2*p. Give t(b).
-10
Let s be 2/3*12/2. Suppose 3*o = 2*q + 14, 2*o - q - 21 = -3*o. Let b(x) = o*x + x + x - s*x. Give b(-1).
-2
Let i(z) = z**3 + 7*z**2 - 4*z - 7. Let k(u) = -u. Let r(d) = i(d) - 5*k(d). Calculate r(-7).
-14
Let o = -3 + 5. Let w(i) be the first derivative of -i**2 - 3 + 2 + 0*i**2 - 3*i - o*i. Give w(-5).
5
Let a(q) = 0*q - 284*q**3 + q + 3*q**2 + 1 + 285*q**3. What is a(-3)?
-2
Let t(u) = u**2 - 6*u - 5. Let z be -2 + (-4 - -2) + 1. Let v(m) = -3*m - 3. Let s be v(z). What is t(s)?
-5
Let c(k) = k - 1. Let p be 23/46 - -5*(-6)/(-4). What is c(p)?
7
Suppose 40 = 2*q + 2*q. Suppose 2*j - 17 = -3*n, -4 = 2*n - q. Let o(y) be the second derivative of -y**4/12 + 7*y**3/6 - 5*y**2/2 - y. Calculate o(j).
7
Suppose 5*t + 30 = -5*x, -2*x = x + 2*t + 15. Let p = 6 + x. Suppose -p*b + 15 = -0*b. Let g(j) = -j**2 + 4*j - 1. What is g(b)?
-6
Let y(w) = 7 - 2 - w**2 - 11*w + 2 - 1. G